{"id":1745,"date":"2017-12-15T19:24:58","date_gmt":"2017-12-15T18:24:58","guid":{"rendered":"http:\/\/www.g-v.fr\/?page_id=1745\/"},"modified":"2023-03-23T16:06:15","modified_gmt":"2023-03-23T15:06:15","slug":"contact-backup","status":"publish","type":"page","link":"https:\/\/www.g-v.fr\/fr\/contact-backup\/","title":{"rendered":"Contact-backup"},"content":{"rendered":"<p>La Compagnie Gis\u00e8le Vienne est conventionn\u00e9e par le Minist\u00e8re de la culture et de la communication \u2013 DRAC Grand Est, la R\u00e9gion Grand Est et la Ville de Strasbourg. La compagnie re\u00e7oit le soutien r\u00e9gulier de l\u2019Institut Fran\u00e7ais pour ses tourn\u00e9es \u00e0 l\u2019\u00e9tranger.<\/p>\n<p><img loading=\"lazy\" decoding=\"async\" class=\"alignnone wp-image-1330 size-medium\" src=\"http:\/\/www.g-v.fr\/wp-content\/uploads\/2016\/07\/bloclogogris-1-300x127.png\" alt=\"\" width=\"300\" height=\"127\" srcset=\"https:\/\/www.g-v.fr\/wp-content\/uploads\/2016\/07\/bloclogogris-1-300x127.png 300w, https:\/\/www.g-v.fr\/wp-content\/uploads\/2016\/07\/bloclogogris-1-768x325.png 768w, https:\/\/www.g-v.fr\/wp-content\/uploads\/2016\/07\/bloclogogris-1-1024x433.png 1024w, https:\/\/www.g-v.fr\/wp-content\/uploads\/2016\/07\/bloclogogris-1-1440x610.png 1440w, https:\/\/www.g-v.fr\/wp-content\/uploads\/2016\/07\/bloclogogris-1-1200x508.png 1200w, https:\/\/www.g-v.fr\/wp-content\/uploads\/2016\/07\/bloclogogris-1-980x415.png 980w, https:\/\/www.g-v.fr\/wp-content\/uploads\/2016\/07\/bloclogogris-1-640x271.png 640w, https:\/\/www.g-v.fr\/wp-content\/uploads\/2016\/07\/bloclogogris-1-425x180.png 425w, https:\/\/www.g-v.fr\/wp-content\/uploads\/2016\/07\/bloclogogris-1.png 1512w\" sizes=\"auto, (max-width: 709px) 85vw, (max-width: 909px) 67vw, (max-width: 1362px) 62vw, 840px\" \/><\/p>\n<p>Gis\u00e8le Vienne est artiste associ\u00e9e \u00e0 Nanterre-Amandiers CDN depuis janvier 2014, au Th\u00e9\u00e2tre National de Bretagne \/ Rennes &#8211; Direction Arthur Nauzyciel et au Le Volcan, Sc\u00e8ne nationale du Havre.<\/p>\n","protected":false},"excerpt":{"rendered":"<p>La Compagnie Gis\u00e8le Vienne est conventionn\u00e9e par le Minist\u00e8re de la culture et de la communication \u2013 DRAC Grand Est, la R\u00e9gion Grand Est et la Ville de Strasbourg. La compagnie re\u00e7oit le soutien r\u00e9gulier de l\u2019Institut Fran\u00e7ais pour ses tourn\u00e9es \u00e0 l\u2019\u00e9tranger. Gis\u00e8le Vienne est artiste associ\u00e9e \u00e0 Nanterre-Amandiers CDN depuis janvier 2014, au [&hellip;]<\/p>\n","protected":false},"author":6,"featured_media":0,"parent":0,"menu_order":0,"comment_status":"closed","ping_status":"closed","template":"","meta":{"_acf_changed":false,"footnotes":""},"class_list":["post-1745","page","type-page","status-publish","hentry"],"acf":[],"_links":{"self":[{"href":"https:\/\/www.g-v.fr\/fr\/wp-json\/wp\/v2\/pages\/1745","targetHints":{"allow":["GET"]}}],"collection":[{"href":"https:\/\/www.g-v.fr\/fr\/wp-json\/wp\/v2\/pages"}],"about":[{"href":"https:\/\/www.g-v.fr\/fr\/wp-json\/wp\/v2\/types\/page"}],"author":[{"embeddable":true,"href":"https:\/\/www.g-v.fr\/fr\/wp-json\/wp\/v2\/users\/6"}],"replies":[{"embeddable":true,"href":"https:\/\/www.g-v.fr\/fr\/wp-json\/wp\/v2\/comments?post=1745"}],"version-history":[{"count":3,"href":"https:\/\/www.g-v.fr\/fr\/wp-json\/wp\/v2\/pages\/1745\/revisions"}],"predecessor-version":[{"id":3411,"href":"https:\/\/www.g-v.fr\/fr\/wp-json\/wp\/v2\/pages\/1745\/revisions\/3411"}],"wp:attachment":[{"href":"https:\/\/www.g-v.fr\/fr\/wp-json\/wp\/v2\/media?parent=1745"}],"curies":[{"name":"wp","href":"https:\/\/api.w.org\/{rel}","templated":true}]}}

<p>La Compagnie Gisèle Vienne est conventionnée par le Ministère de la culture et de la communication – DRAC Grand Est, la Région Grand Est et la Ville de Strasbourg. La compagnie reçoit le soutien régulier de l’Institut Français pour ses tournées à l’étranger.</p>
<p><img loading="lazy" decoding="async" class="alignnone wp-image-1330 size-medium" src="http://www.g-v.fr/wp-content/uploads/2016/07/bloclogogris-1-300x127.png" alt="" width="300" height="127" srcset="https://www.g-v.fr/wp-content/uploads/2016/07/bloclogogris-1-300x127.png 300w, https://www.g-v.fr/wp-content/uploads/2016/07/bloclogogris-1-768x325.png 768w, https://www.g-v.fr/wp-content/uploads/2016/07/bloclogogris-1-1024x433.png 1024w, https://www.g-v.fr/wp-content/uploads/2016/07/bloclogogris-1-1440x610.png 1440w, https://www.g-v.fr/wp-content/uploads/2016/07/bloclogogris-1-1200x508.png 1200w, https://www.g-v.fr/wp-content/uploads/2016/07/bloclogogris-1-980x415.png 980w, https://www.g-v.fr/wp-content/uploads/2016/07/bloclogogris-1-640x271.png 640w, https://www.g-v.fr/wp-content/uploads/2016/07/bloclogogris-1-425x180.png 425w, https://www.g-v.fr/wp-content/uploads/2016/07/bloclogogris-1.png 1512w" sizes="auto, (max-width: 709px) 85vw, (max-width: 909px) 67vw, (max-width: 1362px) 62vw, 840px" /></p>
<p>Gisèle Vienne est artiste associée à Nanterre-Amandiers CDN depuis janvier 2014, au Théâtre National de Bretagne / Rennes &#8211; Direction Arthur Nauzyciel et au Le Volcan, Scène nationale du Havre.</p>

<p>La Compagnie Gisèle Vienne est conventionnée par le Ministère de la culture et de la communication – DRAC Grand Est, la Région Grand Est et la Ville de Strasbourg. La compagnie reçoit le soutien régulier de l’Institut Français pour ses tournées à l’étranger. Gisèle Vienne est artiste associée à Nanterre-Amandiers CDN depuis janvier 2014, au [&hellip;]</p>
